ative of q**4/4 - 7*q**3/3 - 2*q**2 + 11*q + 3. What are the prime factors of s(8)?
43
Let r = -87 + 77. Let q = r - -47. What are the prime factors of q?
37
Let r(n) = -53*n + 36. Let k(m) = 2*m + 15. Let p be k(-10). List the prime factors of r(p).
7, 43
Let t = -10 - -8. Let v be 4/t - (1 - -1). Let p = v - -18. List the prime factors of p.
2, 7
Let c be 143 + -3*(-6)/9. Suppose 5*t + 0*t = c. What are the prime factors of t?
29
Let u = 301 - -136. List the prime factors of u.
19, 23
Suppose 2*s = -4*h + 14, -4*h + s + 14 = -9. Suppose 0 = 4*r - h*r - 12. Let o = 34 + r. What are the prime factors of o?
2, 11
What are the prime factors of 2893/6 - (-64)/(-384)?
2, 241
Suppose 0 = -6*x + 3*x + 30. List the prime factors of (3 - 36/x)*-215 + -3.
2, 3, 7
Let x = 27 - 38. Let s = 32 - 19. Let c = s + x. What are the prime factors of c?
2
Let q(s) = 10*s + 9. Suppose -9 = -m + 10. Let j = m - 15. List the prime factors of q(j).
7
Let c(f) = f**2 + 11*f - 55. What are the prime factors of c(-16)?
5
Suppose 0 + 12 = 4*p. What are the prime factors of ((-60)/(-16) - p)*20?
3, 5
Suppose -y + 4*m - 15 = 0, y + y - m = -23. Let h = y - -15. Suppose -w = -h*w + 39. List the prime factors of w.
13
Let f = -30 + 49. Let j = 28 + f. List the prime factors of j.
47
Suppose 2*b = 5*k - 0*b - 2212, 0 = 5*k + 3*b - 2207. Let m = k + -272. What are the prime factors of m?
2, 5, 17
Suppose -3 = -3*k - 0. Let r be k - -2 - (-1 + 2). Let n = r - -2. What are the prime factors of n?
2
Let d be ((-324)/30)/((-2)/20). Suppose 3*k - 33 = d. What are the prime factors of k?
47
Let z(d) = -2*d**3 + 9*d**2 + 11*d - 4. Let i be z(5). List the prime factors of i/39 - (-1154)/6.
193
Suppose 5*j - 9 - 1 = 0. Suppose 59 - 9 = -j*m. List the prime factors of 1*(0 - m - -1).
2, 13
What are the prime factors of -1*(764/(-28) - (-2)/7)?
3
Suppose -4*y = -s + 1300, s = -s + 2*y + 2594. List the prime factors of s.
2, 3
Let w(y) = -2*y + 6. Let c = -8 - -18. Let v be w(c). Let m = -3 - v. What are the prime factors of m?
11
Suppose -m - g - 1166 = -4*m, 3*g = -4*m + 1559. Suppose 9*d = m + 349. What are the prime factors of d?
2, 41
Let i(w) be the second derivative of w**5/20 + w**4/2 + w**3/3 - w. Suppose -14*z - 70 = -0. What are the prime factors of i(z)?
3, 5
Suppose -k - 3*k = -4*o - 60, -k = -5. Let c = o - -65. List the prime factors of c.
5, 11
Let p = 6237 + -3568. List the prime factors of p.
17, 157
Let o(y) = 764*y. List the prime factors of o(5).
2, 5, 191
Let n(f) = f**2 + 2*f + 22. What are the prime factors of n(-11)?
11
Let q = 87 + -48. Suppose -2*y + 167 + q = 0. What are the prime factors of y?
103
Let t = -9 - -21. Suppose -t*n - 48 = -4*n. Let w(f) = f**3 + 8*f**2 + 3*f + 9. What are the prime factors of w(n)?
3, 7
Suppose 28 = m - 8*m. Let b = 30 + -12. List the prime factors of m/b - 4313/(-171).
5
Suppose 554 = 3*q + c, 2*c - 738 = -5*q + q. What are the prime factors of q?
5, 37
Let x(j) = -j**3 - 4*j**2 + 5*j + 2. Let z be x(-5). Let s be (-1)/z*-27*2. Suppose 9 = 3*l - s. What are the prime factors of l?
2, 3
Let u be -1 + 0 + -3 + 8. Suppose -3*p - u = 2, 0 = 2*r + 2*p - 396. List the prime factors of r.
2, 5
Let o be (1*0/3)/(-2). Suppose o = -4*h - 0*h - 48. Let y = -6 - h. List the prime factors of y.
2, 3
Let n = 73 + -53. Let u = -7 - -13. Suppose -w + u = -n. List the prime factors of w.
2, 13
Suppose q - 5*q + 4*s = -296, 2*q - 3*s = 146. Let r = q + -62. What are the prime factors of r?
2, 7
Suppose 0 = 3*u - p - 2477, 5*p - 10*p - 25 = 0. What are the prime factors of u?
2, 103
Let t = -5 + 7. Let b(y) = -4*y**2 + 2*y**2 - t*y**3 + 2*y - y**3. List the prime factors of b(-2).
2, 3
List the prime factors of (-1)/(-5) + (-67302)/(-90).
2, 11, 17
What are the prime factors of 12454/14 - (-184)/(-322)?
7, 127
Let y = -102 - -126. What are the prime factors of y?
2, 3
Let l(u) = -29*u + 34. List the prime factors of l(-35).
1049
Let c = 8 + 7. Suppose -4*i = -8, c + 31 = -3*q + 2*i. Let s(a) = -a**3 - 15*a**2 - 15*a + 1. What are the prime factors of s(q)?
3, 5
Let s(i) = 92*i - 44. What are the prime factors of s(4)?
2, 3
Let o(t) = -3*t**2 - 124*t + 11. List the prime factors of o(-40).
3, 19
Suppose 4*x - 5*c - 19029 = 0, 3*x - 2*c - 8241 = 6029. What are the prime factors of x?
2, 29, 41
Suppose 2*g - 6 = -2*b, 4*g - 1 = 3*g. Let f be 3 - 4/b - 16. Let s = f - -22. List the prime factors of s.
7
List the prime factors of 1395*-5*(-12)/75.
2, 3, 31
Suppose 428*g + 2756 = 432*g. What are the prime factors of g?
13, 53
Suppose 2*t + 21*t - 20562 = 0. List the prime factors of t.
2, 3, 149
Let r be (-635)/(-20) + 2/8. Suppose -3*v + 5*v = r. What are the prime factors of v?
2
Suppose -a - 8 = -4*o, -2*a - 4*o = -7*a - 72. List the prime factors of ((-28)/a + 4)*12.
3, 23
Suppose g + g = -3*c - 338, -3*g - 517 = 2*c. Let r = -78 - g. What are the prime factors of r?
97
Let l(y) = 31 + 40 - 98 + 59*y + 29. List the prime factors of l(2).
2, 3, 5
Let x(j) = 8*j**2 - 9*j + 4. Let z be x(-9). Suppose z = 15*u - 122. List the prime factors of u.
3, 19
Let b(k) = -8*k**3 + 2*k**2 + 14*k + 58. List the prime factors of b(-4).
2, 3, 7, 13
Suppose 20*p + 2408 = 22*p. Suppose 6*i - p = -8*i. List the prime factors of i.
2, 43
Suppose -657 + 2205 = 4*k - 2*j, j = -3*k + 1156. What are the prime factors of k?
2, 193
Suppose o = 4*d + 191, -4*d = -o + d + 196. Let w = o - 92. Suppose n - 26 = -5*a, 19 - w = -4*n + 2*a. What are the prime factors of n?
2
Suppose 0 = 1088*v - 1084*v - 1516. List the prime factors of v.
379
Let m(c) = c**3 - 2*c**2 - c. Let u be m(0). Suppose u = -2*o - 3*h - 2*h + 97, -258 = -5*o + 3*h. What are the prime factors of o?
3, 17
Suppose 0 = -0*n - n + 6. Suppose -3*x - 6 = 0, -5*x + 2 = 3*d + n. Suppose -d*t + 37 = -5. What are the prime factors of t?
3, 7
List the prime factors of ((-22)/(-6))/(13/156).
2, 11
Let k(f) be the first derivative of f**3/3 + 2*f**2 + 8*f + 8. What are the prime factors of k(-7)?
29
Let k(u) = -10*u - 3. Let x be k(-1). Suppose x*z - 368 - 164 = 0. What are the prime factors of z?
2, 19
List the prime factors of (-1)/(-2) + (-40441)/(-74).
547
Let o = 65 + -32. Let c be (-6)/o + 114/22. List the prime factors of (25 - 0) + -2 + c.
2, 7
Let x(q) = -8*q**3 + 2*q**2 + 2*q - 18. What are the prime factors of x(-7)?
2, 5, 281
Let l(w) = -8*w**3 + w**2. Let x be l(-1). What are the prime factors of 1 + (-2)/3 - (-987)/x?
2, 5, 11
Suppose -5*f + 40 = -5*h, -3*f - 4*h - 5 + 1 = 0. Let i be 17 + -1 + 0/(-2). Suppose 239 = 3*l - 5*d, l + i = -f*d + 73. What are the prime factors of l?
73
Suppose d - 25 = -4*d. Suppose -g - d*o = -o - 117, -5*g + 585 = o. What are the prime factors of g?
3, 13
Suppose -x = 0, b - 3*b + 4238 = 3*x. What are the prime factors of b?
13, 163
Let b(z) = z**3 - z**2 + 2*z + 10. Let r(a) = -1. Let v = 34 - 35. Let p(l) = v*b(l) - 6*r(l). What are the prime factors of p(-3)?
2, 19
Let a = -44 - -52. Suppose 0 = -3*o + 9, -2*o + 458 = 4*z + a. List the prime factors of z.
3, 37
Suppose 0*q + 3*b - 78 = -3*q, 0 = q - b - 30. Let x = q - 2. Suppose -3*c - w = -19, 5*c - x - 34 = 4*w. List the prime factors of c.
2
Let c(b) = -b**2 - 15*b - 12. Let x = 38 + -51. What are the prime factors of c(x)?
2, 7
Suppose 3*v = -2*v + 1025. Suppose -5*c + 245 = -v. What are the prime factors of c?
2, 3, 5
Let n be 5/30*15*4. List the prime factors of (-425)/(-10)*12/n.
3, 17
Suppose 2*z - 110 = -k, -4*k + 618 = -2*z + 208. Let q = k - 74. What are the prime factors of q?
2, 3, 5
List the prime factors of (-12)/(-1)*((-3954)/(-12) + -1).
2, 3, 73
Let p = 661 - 357. What are the prime factors of p?
2, 19
Let c = -132 + 128. What are the prime factors of (-11 + c)*(-1 - 8)?
3, 5
Suppose 0 = -15*y + 5613 + 3237. What are the prime factors of y?
2, 5, 59
List the prime factors of (4/(-6))/(((-56)/41532)/7).
3461
Let n be (7/4)/(2/16). Let g be n/(-16)*-4*8. Suppose 5 = -i + g. List the prime factors of i.
23
Suppose 874 = 4*n - w, 5*w + 132 + 77 = n. What are the prime factors of n?
3, 73
Let d be (-7)/4 - 6*(-5)/(-120). What are the prime factors of (-4)/(-8)*(d + 0 + 32)?
3, 5
Let g(x) = 2*x - 35. Let q be g(15). Let u(b) = b**2 + 3*b - 3. What are the prime factors of u(q)?
7
List the prime factors of 1